base 5, what is -2120 - -34010044?
34002424
In base 12, what is 55 + -512330?
-512297
In base 9, what is 7564376 - 6?
7564370
In base 3, what is 2120120 + 212110110?
222001000
In base 6, what is 140334 + 20505?
201243
In base 10, what is 407 - 17417?
-17010
In base 11, what is 5 - 44920557?
-44920552
In base 16, what is 4a5 + 1e26?
22cb
In base 14, what is 1cb9da - -6?
1cba02
In base 8, what is -744255 - -1336?
-742717
In base 10, what is -71 - -1738481?
1738410
In base 14, what is 23 - 534ac?
-53489
In base 12, what is -3 + -1651676?
-1651679
In base 10, what is -14035716 + 0?
-14035716
In base 14, what is -16c - 4a415?
-4a583
In base 15, what is 2 - -1d8a2e1b?
1d8a2e1d
In base 5, what is -2444204314 - -4?
-2444204310
In base 13, what is 6570 + 31?
65a1
In base 11, what is -1568 + -1383a?
-152a7
In base 3, what is 211 - 101202210011?
-101202202100
In base 12, what is 2 + 13a2874?
13a2876
In base 5, what is 4 - -11330342321?
11330342330
In base 12, what is 107926 - -3a?
107964
In base 2, what is -1010 + -100100101111110001011010?
-100100101111110001100100
In base 3, what is -1220012020210 + 101?
-1220012020102
In base 5, what is 3 - -1041444231?
1041444234
In base 4, what is -103 + -1011110211?
-1011110320
In base 15, what is -56b7c3d - 15?
-56b7c53
In base 11, what is -211862 - -1?
-211861
In base 6, what is -212 + 23541115?
23540503
In base 2, what is -11111100010001001011 + -10?
-11111100010001001101
In base 9, what is 354 + 2021710?
2022164
In base 14, what is -1745 - 8a2?
-2207
In base 4, what is 1110101 + -2003020?
-232313
In base 2, what is 100101111111000 - -1010001101011?
110000001100011
In base 9, what is -1801 - 43434?
-45335
In base 6, what is 21141144 + -333?
21140411
In base 7, what is -303004 - -1563?
-301111
In base 12, what is -a0125 + -2?
-a0127
In base 16, what is 307 + 7e0d6?
7e3dd
In base 12, what is -57aa934 + 20?
-57aa914
In base 11, what is -555aa5 - -8?
-555a98
In base 9, what is 813 - -1246?
2160
In base 4, what is -330300310 - 120313?
-331021223
In base 8, what is -675 - -210546?
207651
In base 5, what is -20334 + 2303311?
2232422
In base 4, what is -203 - -222031233?
222031030
In base 15, what is 1b6c1 + -3e?
1b682
In base 7, what is 266611650 + 2?
266611652
In base 5, what is 2 + -104241422333?
-104241422331
In base 7, what is 30620025 + -26?
30616666
In base 3, what is 112002 + -200011?
-11002
In base 13, what is -4278377 + -9?
-4278383
In base 13, what is -a52ba - 1b8?
-a54a5
In base 7, what is -103 - 25621516?
-25621622
In base 9, what is -6070068 - -2?
-6070066
In base 4, what is -2 - -11221331010?
11221331002
In base 15, what is acc157 + a?
acc162
In base 8, what is 12564 + 423435?
436221
In base 16, what is 6 - -397d20?
397d26
In base 16, what is -57c55 - -a4?
-57bb1
In base 16, what is 1abd79 + 3?
1abd7c
In base 3, what is -12121021112 - -21201212?
-12022112200
In base 4, what is -3233031232 - 10?
-3233031302
In base 8, what is 4642103 - -5?
4642110
In base 14, what is 195743cd + 3?
195743d2
In base 5, what is 3 + -13340124?
-13340121
In base 10, what is 9702196 + -15?
9702181
In base 5, what is 0 + 20341303410?
20341303410
In base 10, what is 3 - 24701839?
-24701836
In base 7, what is -1106 + -16124?
-20233
In base 11, what is -a9a - -2134?
1145
In base 7, what is -65 + 4541344?
4541246
In base 10, what is 2 + 35549620?
35549622
In base 8, what is -11 + 10411710?
10411677
In base 3, what is 1011201220002 - 120?
1011201212112
In base 6, what is 14123 + -121520?
-103353
In base 5, what is -233033 - -212020?
-21013
In base 16, what is -5 - -46e8a0?
46e89b
In base 10, what is 24271 + -10951?
13320
In base 10, what is -87108 + 3?
-87105
In base 12, what is 1 - -43b9330?
43b9331
In base 8, what is 215704265 - -2?
215704267
In base 6, what is -2222 - 10555?
-13221
In base 11, what is 76 + -1732?
-1667
In base 6, what is 303105 - 3412?
255253
In base 13, what is -6c989a + 2?
-6c9898
In base 2, what is -10111011001000100111001 + -1011?
-10111011001000101000100
In base 3, what is 102120222101122 + -202?
102120222100220
In base 16, what is -52e + -2e31?
-335f
In base 9, what is 43 + -100751?
-100707
In base 14, what is 99c50a + -4?
99c506
In base 9, what is -60611 + -576?
-61287
In base 14, what is 23cc + 2814?
4c02
In base 5, what is -110014 + -42441?
-203010
In base 4, what is -1 - 12000032111223?
-12000032111230
In base 9, what is 180500 - 163?
180326
In base 6, what is -1310 - 104325?
-110035
In base 4, what is -1123132011003 + 2?
-1123132011001
In base 5, what is 1143 + -3333231?
-3332033
In base 7, what is 35 + -1062203?
-1062135
In base 9, what is -1 + 604341738?
604341737
In base 5, what is -110 - 111013343?
-111014003
In base 3, what is -111100022 - 21122110?
-202222202
In base 11, what is 49699a - -47?
496a36
In base 4, what is -201323 - -230323?
23000
In base 2, what is -1011000100010 + -1110001011?
-1100110101101
In base 6, what is -1513523124 - 14?
-1513523142
In base 8, what is -73 - -23501134?
23501041
In base 7, what is -126345510156 - -5?
-126345510151
In base 2, what is 1101001111100 - -11000000000?
10000001111100
In base 16, what is 5e9a6 + a?
5e9b0
In base 14, what is -9d2da + -486?
-9d782
In base 8, what is -2 - -4306552?
4306550
In base 15, what is -29aa6 + 50?
-29a56
In base 7, what is -630254 - -3212?
-624042
In base 5, what is 21022133 + 3441?
21031124
In base 14, what is b1c1bd - -1?
b1c1c0
In base 14, what is -2234 - -3c?
-21d6
In base 13, what is b62 + 164a?
24ac
In base 4, what is -13311101312 + 11?
-13311101301
In base 9, what is 56 + -344303?
-344236
In base 12, what is 114700 + -26?
114696
In base 12, what is -32851 - -924?
-31b29
In base 8, what is 26656065 - 56?
26656007
In base 9, what is 207761 + 235?
208106
In base 13, what is -224191 + -28?
-2241b9
In base 12, what is -5 - -97323557?
97323552
In base 10, what is -14969187 + 3?
-14969184
In base 8, what is -26 - 73550551?
-73550577
In base 16, what is -8bc + -1218?
-1ad4
In base 3, what is -2100001221110212112 - -12?
-2100001221110212100
In base 16, what is 9 + 7e6b?
7e74
In base 9, what is 260667 - -274?
261052
In base 3, what is -1211021212 + -110021?
-1211202010
In base 6, what is -5 - 10050110043?
-10050110052
In base 13, what is -bc2 - -1c6a1?
1b7ac
In base 7, what is 1 - 23440345?
-23440344
In base 9, what is -1262 - 6067?
-7340
In base 2, what is -111 - -10011111101010100101100110?
10011111101010100101011111
In base 8, what is -544 - -33654?
33110
In base 14, what is -1d971c0 - 3?
-1d971c3
In base 9, what is 13013 - -741?
13754
In base 5, what is 100101 + -41421?
3130
In base 12, what is 16388 - -12?
1639a
In base 2, what is 1 - 11100000001000010110110?
-11100000001000010110101
In base 6, what is 1455442002 + 12?
1455442014
In base 12, what is 2856a + 43?
285b1
In base 2, what is -101001 + 10110110111001100101000?
10110110111001011111111
In base 2, what is -1000101111001001011 + 11100000110?
-1000101011101000101
In base 3, what is 10 - -2020221102000?
2020221102010
In base 2, what is -111011100 + 1000111111101010?
1000111000001110
In base 4, what is 201 + -10202320331?
-10202320130
In base 12, what is 0 + b5abab58?
b5abab58
In base 13, what is 8 - -186778?
186783
In base 14, what is -c0 + -9827?
-9907
In base 13, what is 3 + -1baa196?
-1baa193
In base 13, what is 7251 - 14a?
7104
In base 11, what is -40 - 362550?
-362590
In base 12, what is -14 - 100b2a?
-100b42
In base 15, what is -14c6a - -353?
-14917
In base 2, what is 1 - -1011001000100001111?
1011001000100010000
In base 5, what is 4044122442 + -4?
4044122433
In base 13, what is 2 + c434728?
c43472a
In base 13, what is -178 - -10572?
103c7
In base 3, what is -1010200021100 - 202?
-1010200022002
In base 5, what is 0 + 232100000?
232100000
In base 10, what is 5 - 5366039?
-5366034
In base 4, what is -3 - -32322003301?
32322003232
In base 13, what is 6 - -13acb?
13b04
In base 15, what is 46 + -cb877?
-cb831
In base 4, what is -1132012303030 - 10?
-1132012303100
In base 16, what is -1466f1 + -52?
-146743
In base 9, what is 0 - -2732227?
2732227
In base 4, what is 1 + 32221301111?
32221301112
In base 4, what is 3002 + 112320?
121322
In base 13, what is 44c - -1821?
1c70
In base 2, what is 100001011011100001011011 - 0?
100001011011100001011011
In base 3, what is -12212200